{"id":28502,"date":"2016-03-09T09:15:28","date_gmt":"2016-03-09T14:15:28","guid":{"rendered":"https:\/\/www.senasa.gob.pe\/senasa\/?page_id=28502"},"modified":"2016-03-14T10:53:23","modified_gmt":"2016-03-14T15:53:23","slug":"28502-2","status":"publish","type":"page","link":"https:\/\/www.senasa.gob.pe\/senasa\/28502-2\/","title":{"rendered":"CONVOCATORIA CAS N\u00b0 0015-2016 UN(1) ESPECIALISTA EN SANIDAD AGRARIA MIP-CACAO"},"content":{"rendered":"<p><span style=\"font-family: helvetica, arial, sans-serif; font-size: 10pt;\"><a href=\"https:\/\/www.senasa.gob.pe\/senasa\/descargasarchivos\/2016\/03\/CAS-TDR-015-2016-ESP-SANIDAD-AGRARIA.pdf\" target=\"_blank\">Bases y Cronograma<\/a><\/span><\/p>\n<p><span style=\"font-family: helvetica, arial, sans-serif; font-size: 10pt;\"><a href=\"https:\/\/www.senasa.gob.pe\/senasa\/descargasarchivos\/2016\/03\/Formato-REG-06.xls\" target=\"_blank\">Ficha de Inscripci\u00f3n<\/a><\/span><\/p>\n<p><span style=\"font-family: helvetica, arial, sans-serif; font-size: 10pt;\"><a href=\"https:\/\/www.senasa.gob.pe\/senasa\/descargasarchivos\/2016\/03\/Resultado-Req.-Min-1.pdf\" target=\"_blank\">Resultados Evaluaci\u00f3n Requisitos M\u00ednimos<\/a><\/span><\/p>\n","protected":false},"excerpt":{"rendered":"<p>Bases y Cronograma Ficha de Inscripci\u00f3n Resultados Evaluaci\u00f3n Requisitos M\u00ednimos<\/p>\n","protected":false},"author":127,"featured_media":0,"parent":0,"menu_order":0,"comment_status":"closed","ping_status":"closed","template":"","meta":{"footnotes":""},"class_list":["post-28502","page","type-page","status-publish","hentry"],"_links":{"self":[{"href":"https:\/\/www.senasa.gob.pe\/senasa\/wp-json\/wp\/v2\/pages\/28502","targetHints":{"allow":["GET"]}}],"collection":[{"href":"https:\/\/www.senasa.gob.pe\/senasa\/wp-json\/wp\/v2\/pages"}],"about":[{"href":"https:\/\/www.senasa.gob.pe\/senasa\/wp-json\/wp\/v2\/types\/page"}],"author":[{"embeddable":true,"href":"https:\/\/www.senasa.gob.pe\/senasa\/wp-json\/wp\/v2\/users\/127"}],"replies":[{"embeddable":true,"href":"https:\/\/www.senasa.gob.pe\/senasa\/wp-json\/wp\/v2\/comments?post=28502"}],"version-history":[{"count":0,"href":"https:\/\/www.senasa.gob.pe\/senasa\/wp-json\/wp\/v2\/pages\/28502\/revisions"}],"wp:attachment":[{"href":"https:\/\/www.senasa.gob.pe\/senasa\/wp-json\/wp\/v2\/media?parent=28502"}],"curies":[{"name":"wp","href":"https:\/\/api.w.org\/{rel}","templated":true}]}}