{"id":3250,"date":"2014-11-06T05:44:47","date_gmt":"2014-11-06T05:44:47","guid":{"rendered":"https:\/\/www.senasa.gob.pe\/senasa\/?page_id=3250"},"modified":"2021-10-25T11:31:38","modified_gmt":"2021-10-25T16:31:38","slug":"aviso-especifico-de-adquisiciones-adquisicion-de-vehiculos-para-acciones-de-campo","status":"publish","type":"page","link":"https:\/\/www.senasa.gob.pe\/senasa\/aviso-especifico-de-adquisiciones-adquisicion-de-vehiculos-para-acciones-de-campo\/","title":{"rendered":"Aviso Espec\u00edfico de Adquisiciones Adquisici\u00f3n de Veh\u00edculos para Acciones de Campo"},"content":{"rendered":"<p><span style=\"font-family: helvetica; font-size: 12pt;\"><strong>Aviso Espec\u00edfico de Adquisiciones Licitaci\u00f3n P\u00fablica Internacional Nro. CI 004-2013\/SENASA\/PRODESA-LPI 004<\/strong><\/span><\/p>\n<p><span style=\"font-family: helvetica; font-size: 12pt;\">\u201cPrimera Convocatoria\u201d<\/span><\/p>\n<table width=\"100%\">\n<tbody>\n<tr>\n<td colspan=\"4\"><span style=\"font-family: helvetica; font-size: 12pt;\">Referencia : 24062013<\/span><\/td>\n<\/tr>\n<tr>\n<td><span style=\"font-family: helvetica; font-size: 12pt;\">DIRECCI\u00d3N EJECUTIVA<\/span><\/td>\n<td colspan=\"2\"><span style=\"font-family: helvetica; font-size: 12pt;\">TERMINO DE REFERENCIA Y AVISO DE CONVOCATORIA<\/span><\/td>\n<\/tr>\n<tr>\n<td rowspan=\"2\"><span style=\"font-family: helvetica; font-size: 12pt;\">Nivel Central<\/span><\/td>\n<td><span style=\"font-family: helvetica; font-size: 12pt;\"><strong>Aviso Espec\u00edfico de Adquisiciones Adquisici\u00f3n de Veh\u00edculos para Acciones de Campo<\/strong><\/span><span style=\"font-family: helvetica; font-size: 12pt;\"><strong>Licitaci\u00f3n P\u00fablica Internacional Nro. CI 004-2013\/SENASA\/PRODESA-LPI<\/strong>\u00a0\u00a0 <a href=\"https:\/\/www.senasa.gob.pe\/senasa\/descargasarchivos\/jer\/24062013-01\/Aviso%20especifico%20%20Vehiculos%20-%202013.pdf\"><img loading=\"lazy\" decoding=\"async\" src=\"https:\/\/www.senasa.gob.pe\/senasa\/descargasarchivos\/jer\/ICA\/icono_pdf.gif\" alt=\"\" width=\"23\" height=\"23\" align=\"absBottom\" border=\"0\" \/><\/a><\/span><\/td>\n<\/tr>\n<\/tbody>\n<\/table>\n<p><span style=\"font-family: helvetica; font-size: 12pt;\">\u00a0<\/span><\/p>\n","protected":false},"excerpt":{"rendered":"<p>Aviso Espec\u00edfico de Adquisiciones Licitaci\u00f3n P\u00fablica Internacional Nro. CI 004-2013\/SENASA\/PRODESA-LPI 004 \u201cPrimera Convocatoria\u201d Referencia : 24062013 DIRECCI\u00d3N EJECUTIVA TERMINO DE REFERENCIA Y AVISO DE CONVOCATORIA Nivel Central Aviso Espec\u00edfico de Adquisiciones Adquisici\u00f3n de Veh\u00edculos para Acciones de CampoLicitaci\u00f3n P\u00fablica Internacional Nro. CI 004-2013\/SENASA\/PRODESA-LPI\u00a0\u00a0 \u00a0<\/p>\n","protected":false},"author":127,"featured_media":0,"parent":0,"menu_order":0,"comment_status":"closed","ping_status":"closed","template":"","meta":{"footnotes":""},"class_list":["post-3250","page","type-page","status-publish","hentry"],"_links":{"self":[{"href":"https:\/\/www.senasa.gob.pe\/senasa\/wp-json\/wp\/v2\/pages\/3250","targetHints":{"allow":["GET"]}}],"collection":[{"href":"https:\/\/www.senasa.gob.pe\/senasa\/wp-json\/wp\/v2\/pages"}],"about":[{"href":"https:\/\/www.senasa.gob.pe\/senasa\/wp-json\/wp\/v2\/types\/page"}],"author":[{"embeddable":true,"href":"https:\/\/www.senasa.gob.pe\/senasa\/wp-json\/wp\/v2\/users\/127"}],"replies":[{"embeddable":true,"href":"https:\/\/www.senasa.gob.pe\/senasa\/wp-json\/wp\/v2\/comments?post=3250"}],"version-history":[{"count":0,"href":"https:\/\/www.senasa.gob.pe\/senasa\/wp-json\/wp\/v2\/pages\/3250\/revisions"}],"wp:attachment":[{"href":"https:\/\/www.senasa.gob.pe\/senasa\/wp-json\/wp\/v2\/media?parent=3250"}],"curies":[{"name":"wp","href":"https:\/\/api.w.org\/{rel}","templated":true}]}}