{"id":3265,"date":"2014-11-06T05:53:36","date_gmt":"2014-11-06T05:53:36","guid":{"rendered":"https:\/\/www.senasa.gob.pe\/senasa\/?page_id=3265"},"modified":"2021-10-25T11:31:37","modified_gmt":"2021-10-25T16:31:37","slug":"aviso-especifico-de-adquisiciones-adquisicion-de-4317000-dosis-de-vacuna-contra-la-peste-porcina-clasica-ppc","status":"publish","type":"page","link":"https:\/\/www.senasa.gob.pe\/senasa\/aviso-especifico-de-adquisiciones-adquisicion-de-4317000-dosis-de-vacuna-contra-la-peste-porcina-clasica-ppc\/","title":{"rendered":"Aviso Espec\u00edfico de Adquisiciones Adquisici\u00f3n de 4,317,000 dosis de Vacuna contra la Peste Porcina Cl\u00e1sica (PPC)"},"content":{"rendered":"<p><span style=\"font-family: helvetica; font-size: 12pt;\">Aviso Espec\u00edfico de Adquisiciones<\/span><\/p>\n<p><span style=\"font-family: helvetica; font-size: 12pt;\"><strong>Licitaci\u00f3n P\u00fablica Internacional Nro. CI 001-2013\/SENASA\/PRODESA-LPI 001 <\/strong><\/span><\/p>\n<p><span style=\"font-family: helvetica; font-size: 12pt;\">\u201cPrimera Convocatoria\u201d<\/span><\/p>\n<table style=\"height: 139px;\" width=\"916\">\n<tbody>\n<tr>\n<td colspan=\"4\"><span style=\"font-family: helvetica; font-size: 12pt;\">Referencia : 10042013<\/span><\/td>\n<\/tr>\n<tr>\n<td><span style=\"font-family: helvetica; font-size: 12pt;\">DIRECCI\u00d3N EJECUTIVA<\/span><\/td>\n<td colspan=\"2\"><span style=\"font-family: helvetica; font-size: 12pt;\">TERMINO DE REFERENCIA Y AVISO DE CONVOCATORIA<\/span><\/td>\n<\/tr>\n<tr>\n<td rowspan=\"2\"><span style=\"font-family: helvetica; font-size: 12pt;\">Nivel Central<\/span><\/td>\n<td><span style=\"font-family: helvetica; font-size: 12pt;\"><strong>Adquisici\u00f3n de 4,317,000 dosis de Vacuna contra la Peste Porcina Cl\u00e1sica (PPC)<\/strong><\/span><span style=\"font-family: helvetica; font-size: 12pt;\"><strong>Licitaci\u00f3n P\u00fablica Internacional Nro. CI 001-2013\/SENASA\/PRODESA-LPI 001\u00a0 <a href=\"https:\/\/www.senasa.gob.pe\/senasa\/descargasarchivos\/jer\/10042013-01\/Aviso%20Especifico%20de%20Adquisiciones%20vacunas.pdf\"><img loading=\"lazy\" decoding=\"async\" src=\"https:\/\/www.senasa.gob.pe\/senasa\/descargasarchivos\/jer\/ICA\/icono_pdf.gif\" alt=\"\" width=\"23\" height=\"23\" align=\"absBottom\" border=\"0\" \/><\/a><\/strong><\/span><\/td>\n<\/tr>\n<\/tbody>\n<\/table>\n<p>&nbsp;<\/p>\n","protected":false},"excerpt":{"rendered":"<p>Aviso Espec\u00edfico de Adquisiciones Licitaci\u00f3n P\u00fablica Internacional Nro. CI 001-2013\/SENASA\/PRODESA-LPI 001 \u201cPrimera Convocatoria\u201d Referencia : 10042013 DIRECCI\u00d3N EJECUTIVA TERMINO DE REFERENCIA Y AVISO DE CONVOCATORIA Nivel Central Adquisici\u00f3n de 4,317,000 dosis de Vacuna contra la Peste Porcina Cl\u00e1sica (PPC)Licitaci\u00f3n P\u00fablica Internacional Nro. CI 001-2013\/SENASA\/PRODESA-LPI 001\u00a0 &nbsp;<\/p>\n","protected":false},"author":127,"featured_media":0,"parent":0,"menu_order":0,"comment_status":"closed","ping_status":"closed","template":"","meta":{"footnotes":""},"class_list":["post-3265","page","type-page","status-publish","hentry"],"_links":{"self":[{"href":"https:\/\/www.senasa.gob.pe\/senasa\/wp-json\/wp\/v2\/pages\/3265","targetHints":{"allow":["GET"]}}],"collection":[{"href":"https:\/\/www.senasa.gob.pe\/senasa\/wp-json\/wp\/v2\/pages"}],"about":[{"href":"https:\/\/www.senasa.gob.pe\/senasa\/wp-json\/wp\/v2\/types\/page"}],"author":[{"embeddable":true,"href":"https:\/\/www.senasa.gob.pe\/senasa\/wp-json\/wp\/v2\/users\/127"}],"replies":[{"embeddable":true,"href":"https:\/\/www.senasa.gob.pe\/senasa\/wp-json\/wp\/v2\/comments?post=3265"}],"version-history":[{"count":0,"href":"https:\/\/www.senasa.gob.pe\/senasa\/wp-json\/wp\/v2\/pages\/3265\/revisions"}],"wp:attachment":[{"href":"https:\/\/www.senasa.gob.pe\/senasa\/wp-json\/wp\/v2\/media?parent=3265"}],"curies":[{"name":"wp","href":"https:\/\/api.w.org\/{rel}","templated":true}]}}