{"id":3710,"date":"2014-11-14T05:42:06","date_gmt":"2014-11-14T05:42:06","guid":{"rendered":"http:\/\/200.60.104.74\/senasa\/?page_id=3710"},"modified":"2021-10-25T11:25:31","modified_gmt":"2021-10-25T16:25:31","slug":"adquisicion-de-vehiculos-para-acciones-de-campo-lpn-no-ci-0012-2012senasaprodesa-lpn-004","status":"publish","type":"page","link":"https:\/\/www.senasa.gob.pe\/senasa\/adquisicion-de-vehiculos-para-acciones-de-campo-lpn-no-ci-0012-2012senasaprodesa-lpn-004\/","title":{"rendered":"Adquisici\u00f3n de Veh\u00edculos para Acciones de Campo LPN No: CI 0012-2012\/SENASA\/PRODESA-LPN 004"},"content":{"rendered":"<p style=\"text-align: center;\"><span style=\"font-family: helvetica; font-size: 12pt;\">LPN No: CI 0012-2012\/SENASA\/PRODESA-LPN 004 Adquisici\u00f3n de Veh\u00edculos para Acciones de Campo<\/span><\/p>\n<p style=\"text-align: center;\"><span style=\"font-family: helvetica; font-size: 12pt;\">Primera Convocatoria<\/span><\/p>\n<table width=\"100%\">\n<tbody>\n<tr>\n<td colspan=\"4\"><span style=\"font-family: helvetica; font-size: 12pt;\">Referencia : 20062012<\/span><\/td>\n<\/tr>\n<tr>\n<td><span style=\"font-family: helvetica; font-size: 12pt;\">DIRECCI\u00d3N EJECUTIVA<\/span><\/td>\n<td colspan=\"2\"><span style=\"font-family: helvetica; font-size: 12pt;\">BASES Y AVISO DE CONVOCATORIA<\/span><\/td>\n<\/tr>\n<tr>\n<td rowspan=\"2\"><span style=\"font-family: helvetica; font-size: 12pt;\">Nivel Central<\/span><\/td>\n<td><span style=\"font-family: helvetica; font-size: 12pt;\"><strong>Adquisici\u00f3n de Veh\u00edculos para Acciones de Campo\u00a0 <a href=\"https:\/\/www.senasa.gob.pe\/senasa\/descargasarchivos\/jer\/20062012\/BESES%20VEHICULOS%20PARA%20CAMPO.pdf\"><img loading=\"lazy\" decoding=\"async\" src=\"https:\/\/www.senasa.gob.pe\/senasa\/descargasarchivos\/jer\/ICA\/icono_pdf.gif\" alt=\"\" width=\"23\" height=\"23\" align=\"absBottom\" border=\"0\" \/><\/a><\/strong><\/span><\/td>\n<\/tr>\n<\/tbody>\n<\/table>\n<p><span style=\"font-family: helvetica; font-size: 12pt;\">\u00a0<\/span><\/p>\n<p>&nbsp;<\/p>\n","protected":false},"excerpt":{"rendered":"<p>LPN No: CI 0012-2012\/SENASA\/PRODESA-LPN 004 Adquisici\u00f3n de Veh\u00edculos para Acciones de Campo Primera Convocatoria Referencia : 20062012 DIRECCI\u00d3N EJECUTIVA BASES Y AVISO DE CONVOCATORIA Nivel Central Adquisici\u00f3n de Veh\u00edculos para Acciones de Campo\u00a0 \u00a0 &nbsp;<\/p>\n","protected":false},"author":127,"featured_media":0,"parent":0,"menu_order":0,"comment_status":"closed","ping_status":"closed","template":"","meta":{"footnotes":""},"class_list":["post-3710","page","type-page","status-publish","hentry"],"_links":{"self":[{"href":"https:\/\/www.senasa.gob.pe\/senasa\/wp-json\/wp\/v2\/pages\/3710","targetHints":{"allow":["GET"]}}],"collection":[{"href":"https:\/\/www.senasa.gob.pe\/senasa\/wp-json\/wp\/v2\/pages"}],"about":[{"href":"https:\/\/www.senasa.gob.pe\/senasa\/wp-json\/wp\/v2\/types\/page"}],"author":[{"embeddable":true,"href":"https:\/\/www.senasa.gob.pe\/senasa\/wp-json\/wp\/v2\/users\/127"}],"replies":[{"embeddable":true,"href":"https:\/\/www.senasa.gob.pe\/senasa\/wp-json\/wp\/v2\/comments?post=3710"}],"version-history":[{"count":0,"href":"https:\/\/www.senasa.gob.pe\/senasa\/wp-json\/wp\/v2\/pages\/3710\/revisions"}],"wp:attachment":[{"href":"https:\/\/www.senasa.gob.pe\/senasa\/wp-json\/wp\/v2\/media?parent=3710"}],"curies":[{"name":"wp","href":"https:\/\/api.w.org\/{rel}","templated":true}]}}