{"id":3791,"date":"2014-11-14T06:21:53","date_gmt":"2014-11-14T06:21:53","guid":{"rendered":"http:\/\/200.60.104.74\/senasa\/?page_id=3791"},"modified":"2021-10-25T11:25:31","modified_gmt":"2021-10-25T16:25:31","slug":"adquisicion-de-vestimenta-para-acciones-en-campo-y-laboratorio-2da-convocatoria","status":"publish","type":"page","link":"https:\/\/www.senasa.gob.pe\/senasa\/adquisicion-de-vestimenta-para-acciones-en-campo-y-laboratorio-2da-convocatoria\/","title":{"rendered":"Adquisici\u00f3n de Vestimenta para Acciones en Campo y Laboratorio &#8211; 2da Convocatoria."},"content":{"rendered":"<p style=\"text-align: center;\"><span class=\"subtitulo\" style=\"font-family: helvetica; font-size: 12pt;\"><span class=\"subtitulo\"><span class=\"subtitulo\">Adquisici\u00f3n de Vestimenta para Acciones en Campo y Laboratorio<br \/>\nLicitaci\u00f3n P\u00fablica\u00a0Internacional \u00a0Nro. CI 016-2010\/SENASA\/PRODESA-LPI 005<\/span><\/span><\/span><\/p>\n<div id=\"div_ZonaImpresion\" class=\"IMP_contenedorImpresion\">\n<div id=\"div_contenedorContenido\" class=\"WEB_contenedorContenido\">\n<p style=\"text-align: center;\" align=\"center\"><span class=\"subtitulo\" style=\"font-family: helvetica; font-size: 12pt;\"><span class=\"subtitulo\">\u00a0SEGUNDA\u00a0\u00a0CONVOCATORIA<\/span><\/span><\/p>\n<table class=\"tablaInterna3\" border=\"0\" width=\"100%\" cellspacing=\"1\" cellpadding=\"1\">\n<tbody>\n<tr>\n<td class=\"filaFondo2\" colspan=\"4\" scope=\"col\" align=\"left\"><span style=\"font-family: helvetica; font-size: 12pt;\">Referencia : 031210<\/span><\/td>\n<\/tr>\n<tr>\n<td class=\"filaFondo2\" scope=\"col\" align=\"center\"><span style=\"font-family: helvetica; font-size: 12pt;\">DIRECCI\u00d3N EJECUTIVA<\/span><\/td>\n<td class=\"filaFondo2\" scope=\"col\" align=\"center\"><span style=\"font-family: helvetica; font-size: 12pt;\">N\u00ba DE VACANTES<\/span><\/td>\n<td class=\"filaFondo2\" colspan=\"2\" scope=\"col\" align=\"center\"><span style=\"font-family: helvetica; font-size: 12pt;\">TERMINO DE REFERENCIA Y AVISO DE CONVOCATORIA<\/span><\/td>\n<\/tr>\n<tr>\n<td rowspan=\"2\" align=\"center\"><span style=\"font-family: helvetica; font-size: 12pt;\">Nivel Central<\/span><\/td>\n<td class=\"bordeAbajo\" align=\"center\" height=\"32\">\n<p align=\"center\"><span class=\"subtitulo\" style=\"font-family: helvetica; font-size: 12pt;\"><span class=\"subtitulo\"><span class=\"subtitulo\"><span style=\"color: #000000;\">Adquisici\u00f3n de Vestimenta para Acciones en Campo y Laboratorio<\/span><\/span><\/span><\/span><\/p>\n<\/td>\n<td class=\"bordeAbajo\" align=\"center\">&nbsp;<\/p>\n<p><span style=\"font-family: helvetica; font-size: 12pt;\"><a href=\"https:\/\/www.senasa.gob.pe\/senasa\/descargasarchivos\/jer\/-1\/VESTI-ESCAN-II.pdf\"><img loading=\"lazy\" decoding=\"async\" src=\"https:\/\/www.senasa.gob.pe\/senasa\/descargasarchivos\/jer\/ICA\/icono_pdf.gif\" alt=\"\" width=\"23\" height=\"23\" align=\"absBottom\" border=\"0\" \/><\/a>\u00a0\u00a0<\/span><\/td>\n<\/tr>\n<\/tbody>\n<\/table>\n<\/div>\n<\/div>\n<p>&nbsp;<\/p>\n","protected":false},"excerpt":{"rendered":"<p>Adquisici\u00f3n de Vestimenta para Acciones en Campo y Laboratorio Licitaci\u00f3n P\u00fablica\u00a0Internacional \u00a0Nro. CI 016-2010\/SENASA\/PRODESA-LPI 005 \u00a0SEGUNDA\u00a0\u00a0CONVOCATORIA Referencia : 031210 DIRECCI\u00d3N EJECUTIVA N\u00ba DE VACANTES TERMINO DE REFERENCIA Y AVISO DE CONVOCATORIA Nivel Central Adquisici\u00f3n de Vestimenta para Acciones en Campo y Laboratorio &nbsp; \u00a0\u00a0 &nbsp;<\/p>\n","protected":false},"author":127,"featured_media":0,"parent":0,"menu_order":0,"comment_status":"closed","ping_status":"closed","template":"","meta":{"footnotes":""},"class_list":["post-3791","page","type-page","status-publish","hentry"],"_links":{"self":[{"href":"https:\/\/www.senasa.gob.pe\/senasa\/wp-json\/wp\/v2\/pages\/3791","targetHints":{"allow":["GET"]}}],"collection":[{"href":"https:\/\/www.senasa.gob.pe\/senasa\/wp-json\/wp\/v2\/pages"}],"about":[{"href":"https:\/\/www.senasa.gob.pe\/senasa\/wp-json\/wp\/v2\/types\/page"}],"author":[{"embeddable":true,"href":"https:\/\/www.senasa.gob.pe\/senasa\/wp-json\/wp\/v2\/users\/127"}],"replies":[{"embeddable":true,"href":"https:\/\/www.senasa.gob.pe\/senasa\/wp-json\/wp\/v2\/comments?post=3791"}],"version-history":[{"count":0,"href":"https:\/\/www.senasa.gob.pe\/senasa\/wp-json\/wp\/v2\/pages\/3791\/revisions"}],"wp:attachment":[{"href":"https:\/\/www.senasa.gob.pe\/senasa\/wp-json\/wp\/v2\/media?parent=3791"}],"curies":[{"name":"wp","href":"https:\/\/api.w.org\/{rel}","templated":true}]}}