{"id":3886,"date":"2014-11-14T07:34:53","date_gmt":"2014-11-14T07:34:53","guid":{"rendered":"http:\/\/200.60.104.74\/senasa\/?page_id=3886"},"modified":"2021-11-24T11:36:04","modified_gmt":"2021-11-24T16:36:04","slug":"plan-estrategico-institucional-senasa-2008-2022","status":"publish","type":"page","link":"https:\/\/www.senasa.gob.pe\/senasa\/plan-estrategico-institucional-senasa-2008-2022\/","title":{"rendered":"Plan Estrat\u00e9gico Institucional &#8211; SENASA 2008-2022"},"content":{"rendered":"<ol>\n<li><span style=\"font-family: helvetica; font-size: 12pt;\"><a href=\"https:\/\/www.senasa.gob.pe\/senasa\/descargasarchivos\/jer\/PEISENASA\/R.J.N\u00ba%20294-2008-AG-SENASA%20-%20PLAN%20ESTRATEGICO%20INSTITUCIONAL%202008-2022.pdf\">Resoluci\u00f3n Jefatural N\u00ba 294-2008-AG-SENASA<\/a><\/span><\/li>\n<li><span style=\"font-family: helvetica; font-size: 12pt;\"><a href=\"https:\/\/www.senasa.gob.pe\/senasa\/descargasarchivos\/2019\/06\/img-607092457-0001.pdf\">Plan Estrat\u00e9gico Institucional 2008-2022<\/a><\/span><\/li>\n<\/ol>\n<p>&nbsp;<\/p>\n<ul>\n<li><a title=\"Evaluaci\u00f3n del Desempe\u00f1o al I Semestre 2008 \u2013 (Seg\u00fan Resoluci\u00f3n N\u00ba 003-2005-EF\/68.01)\" href=\"https:\/\/www.senasa.gob.pe\/senasa\/?page_id=3891\"><span style=\"font-family: helvetica; font-size: 12pt;\">Evaluaci\u00f3n del Desempe\u00f1o al I Semestre 2008 &#8211; (Seg\u00fan Resoluci\u00f3n N\u00ba 003-2005-EF\/68.01).<\/span><\/a><\/li>\n<li><a title=\"Evaluaci\u00f3n del Desempe\u00f1o al II Semestre 2008\" href=\"https:\/\/www.senasa.gob.pe\/senasa\/?page_id=3895\"><span style=\"font-family: helvetica; font-size: 12pt;\">Evaluaci\u00f3n del Desempe\u00f1o al II Semestre 2008.<\/span><\/a><\/li>\n<\/ul>\n","protected":false},"excerpt":{"rendered":"<p>Resoluci\u00f3n Jefatural N\u00ba 294-2008-AG-SENASA Plan Estrat\u00e9gico Institucional 2008-2022 &nbsp; Evaluaci\u00f3n del Desempe\u00f1o al I Semestre 2008 &#8211; (Seg\u00fan Resoluci\u00f3n N\u00ba 003-2005-EF\/68.01). Evaluaci\u00f3n del Desempe\u00f1o al II Semestre 2008.<\/p>\n","protected":false},"author":127,"featured_media":0,"parent":0,"menu_order":0,"comment_status":"closed","ping_status":"closed","template":"","meta":{"footnotes":""},"class_list":["post-3886","page","type-page","status-publish","hentry"],"_links":{"self":[{"href":"https:\/\/www.senasa.gob.pe\/senasa\/wp-json\/wp\/v2\/pages\/3886","targetHints":{"allow":["GET"]}}],"collection":[{"href":"https:\/\/www.senasa.gob.pe\/senasa\/wp-json\/wp\/v2\/pages"}],"about":[{"href":"https:\/\/www.senasa.gob.pe\/senasa\/wp-json\/wp\/v2\/types\/page"}],"author":[{"embeddable":true,"href":"https:\/\/www.senasa.gob.pe\/senasa\/wp-json\/wp\/v2\/users\/127"}],"replies":[{"embeddable":true,"href":"https:\/\/www.senasa.gob.pe\/senasa\/wp-json\/wp\/v2\/comments?post=3886"}],"version-history":[{"count":0,"href":"https:\/\/www.senasa.gob.pe\/senasa\/wp-json\/wp\/v2\/pages\/3886\/revisions"}],"wp:attachment":[{"href":"https:\/\/www.senasa.gob.pe\/senasa\/wp-json\/wp\/v2\/media?parent=3886"}],"curies":[{"name":"wp","href":"https:\/\/api.w.org\/{rel}","templated":true}]}}