{"id":48903,"date":"2019-07-24T16:20:25","date_gmt":"2019-07-24T21:20:25","guid":{"rendered":"https:\/\/www.senasa.gob.pe\/senasa\/?page_id=48903"},"modified":"2019-08-08T15:22:34","modified_gmt":"2019-08-08T20:22:34","slug":"cusco-2","status":"publish","type":"page","link":"https:\/\/www.senasa.gob.pe\/senasa\/cusco-2\/","title":{"rendered":"CUSCO"},"content":{"rendered":"<ol>\n<li><span style=\"font-family: helvetica, arial, sans-serif; font-size: 12pt;\"><a href=\"https:\/\/www.senasa.gob.pe\/senasa\/descargasarchivos\/2019\/07\/AVISO-DE-CONVOCATORIA-CUSCO.docx\">AVISO DE CONVOCATORIA<\/a><\/span><\/li>\n<li><span style=\"font-family: helvetica, arial, sans-serif; font-size: 12pt;\"><a href=\"https:\/\/www.senasa.gob.pe\/senasa\/terminos-de-referencia-4\/\">T\u00c9RMINOS DE REFERENCIA<\/a><\/span><\/li>\n<li><span style=\"font-family: helvetica, arial, sans-serif; font-size: 12pt;\"><a href=\"https:\/\/www.senasa.gob.pe\/senasa\/descargasarchivos\/2019\/07\/DECLARACION-JURADA-1.docx\">DECLARAC\u00cdON JURADA<\/a><\/span><\/li>\n<li><span style=\"font-family: helvetica, arial, sans-serif; font-size: 12pt;\"><a href=\"https:\/\/www.senasa.gob.pe\/senasa\/descargasarchivos\/2019\/07\/HOJA-DE-VIDA-1.docx\">HOJA DE VIDA<\/a><\/span><\/li>\n<li><a href=\"https:\/\/www.senasa.gob.pe\/senasa\/descargasarchivos\/2019\/08\/AMPL.-CONVOCATORIA-CUSCO.pdf\"><span style=\"font-family: helvetica, arial, sans-serif; font-size: 12pt;\">AMPLIACI\u00d3N DE AVISO DE CONVOCATORIA<\/span><\/a><\/li>\n<\/ol>\n","protected":false},"excerpt":{"rendered":"<p>AVISO DE CONVOCATORIA T\u00c9RMINOS DE REFERENCIA DECLARAC\u00cdON JURADA HOJA DE VIDA AMPLIACI\u00d3N DE AVISO DE CONVOCATORIA<\/p>\n","protected":false},"author":127,"featured_media":0,"parent":0,"menu_order":0,"comment_status":"closed","ping_status":"closed","template":"","meta":{"footnotes":""},"class_list":["post-48903","page","type-page","status-publish","hentry"],"_links":{"self":[{"href":"https:\/\/www.senasa.gob.pe\/senasa\/wp-json\/wp\/v2\/pages\/48903","targetHints":{"allow":["GET"]}}],"collection":[{"href":"https:\/\/www.senasa.gob.pe\/senasa\/wp-json\/wp\/v2\/pages"}],"about":[{"href":"https:\/\/www.senasa.gob.pe\/senasa\/wp-json\/wp\/v2\/types\/page"}],"author":[{"embeddable":true,"href":"https:\/\/www.senasa.gob.pe\/senasa\/wp-json\/wp\/v2\/users\/127"}],"replies":[{"embeddable":true,"href":"https:\/\/www.senasa.gob.pe\/senasa\/wp-json\/wp\/v2\/comments?post=48903"}],"version-history":[{"count":0,"href":"https:\/\/www.senasa.gob.pe\/senasa\/wp-json\/wp\/v2\/pages\/48903\/revisions"}],"wp:attachment":[{"href":"https:\/\/www.senasa.gob.pe\/senasa\/wp-json\/wp\/v2\/media?parent=48903"}],"curies":[{"name":"wp","href":"https:\/\/api.w.org\/{rel}","templated":true}]}}