{"id":48963,"date":"2019-07-25T09:34:01","date_gmt":"2019-07-25T14:34:01","guid":{"rendered":"https:\/\/www.senasa.gob.pe\/senasa\/?page_id=48963"},"modified":"2019-07-31T16:19:37","modified_gmt":"2019-07-31T21:19:37","slug":"la-libertad-5","status":"publish","type":"page","link":"https:\/\/www.senasa.gob.pe\/senasa\/la-libertad-5\/","title":{"rendered":"LA LIBERTAD"},"content":{"rendered":"<ol>\n<li><span style=\"font-family: helvetica, arial, sans-serif; font-size: 12pt;\"><a href=\"https:\/\/www.senasa.gob.pe\/senasa\/descargasarchivos\/2019\/07\/AVISO-DE-CONVOCATORIA-LA-LIB.pdf\">AVISO DE CONVOCATORIA<\/a><\/span><\/li>\n<li><a href=\"https:\/\/www.senasa.gob.pe\/senasa\/terminos-de-referencia-3\/\"><span style=\"font-family: helvetica, arial, sans-serif; font-size: 12pt;\">T\u00c9RMINOS DE REFERENCIA<\/span><\/a><\/li>\n<li><span style=\"font-family: helvetica, arial, sans-serif; font-size: 12pt;\"><a href=\"https:\/\/www.senasa.gob.pe\/senasa\/descargasarchivos\/2019\/07\/DECLARACION-JURADA-7.docx\">DECLARAC\u00cdON JURADA<\/a><\/span><\/li>\n<li><span style=\"font-family: helvetica, arial, sans-serif; font-size: 12pt;\"><a href=\"https:\/\/www.senasa.gob.pe\/senasa\/descargasarchivos\/2019\/07\/HOJA-DE-VIDA-7.docx\">HOJA DE VIDA<\/a><\/span><\/li>\n<li><a href=\"https:\/\/www.senasa.gob.pe\/senasa\/descargasarchivos\/2019\/07\/PRORROGA-AVISO-DE-CONVOCATORIA.pdf\"><span style=\"font-family: helvetica, arial, sans-serif; font-size: 12pt;\">AMPLIACI\u00d3N DE AVISO CONVOCATORIA<\/span><\/a><\/li>\n<\/ol>\n","protected":false},"excerpt":{"rendered":"<p>AVISO DE CONVOCATORIA T\u00c9RMINOS DE REFERENCIA DECLARAC\u00cdON JURADA HOJA DE VIDA AMPLIACI\u00d3N DE AVISO CONVOCATORIA<\/p>\n","protected":false},"author":127,"featured_media":0,"parent":0,"menu_order":0,"comment_status":"closed","ping_status":"closed","template":"","meta":{"footnotes":""},"class_list":["post-48963","page","type-page","status-publish","hentry"],"_links":{"self":[{"href":"https:\/\/www.senasa.gob.pe\/senasa\/wp-json\/wp\/v2\/pages\/48963","targetHints":{"allow":["GET"]}}],"collection":[{"href":"https:\/\/www.senasa.gob.pe\/senasa\/wp-json\/wp\/v2\/pages"}],"about":[{"href":"https:\/\/www.senasa.gob.pe\/senasa\/wp-json\/wp\/v2\/types\/page"}],"author":[{"embeddable":true,"href":"https:\/\/www.senasa.gob.pe\/senasa\/wp-json\/wp\/v2\/users\/127"}],"replies":[{"embeddable":true,"href":"https:\/\/www.senasa.gob.pe\/senasa\/wp-json\/wp\/v2\/comments?post=48963"}],"version-history":[{"count":0,"href":"https:\/\/www.senasa.gob.pe\/senasa\/wp-json\/wp\/v2\/pages\/48963\/revisions"}],"wp:attachment":[{"href":"https:\/\/www.senasa.gob.pe\/senasa\/wp-json\/wp\/v2\/media?parent=48963"}],"curies":[{"name":"wp","href":"https:\/\/api.w.org\/{rel}","templated":true}]}}