{"id":88652,"date":"2024-02-09T09:02:44","date_gmt":"2024-02-09T14:02:44","guid":{"rendered":"https:\/\/www.senasa.gob.pe\/senasa\/?page_id=88652"},"modified":"2024-02-09T11:37:59","modified_gmt":"2024-02-09T16:37:59","slug":"cas-2024-en-proceso","status":"publish","type":"page","link":"https:\/\/www.senasa.gob.pe\/senasa\/cas-2024-en-proceso\/","title":{"rendered":"CAS 2024-EN PROCESO"},"content":{"rendered":"<p><span style=\"font-family: helvetica, arial, sans-serif;\"><strong>Procedimiento:\u00a0<\/strong><a href=\"https:\/\/www.senasa.gob.pe\/senasa\/descargasarchivos\/2024\/01\/PRO-URH-12_09-Seleccion-para-contratacion-administrativa-de-servicios.pdf\"> PRO-URH-12 Rev. 9<\/a><\/span><\/p>\n<p><span style=\"font-size: 18pt;\"><strong><span style=\"font-family: helvetica, arial, sans-serif;\">Postula aqu\u00ed: <a href=\"https:\/\/servicios.senasa.gob.pe\/RRHHWeb\/loginPostulante.html\">https:\/\/servicios.senasa.gob.pe\/RRHHWeb\/loginPostulante.html\u00a0<\/a><\/span><\/strong><\/span><\/p>\n<p><span style=\"font-family: helvetica, arial, sans-serif;\"><span style=\"font-size: 18.6667px;\"><b>\u00a0<\/b><\/span><\/span><span style=\"font-size: 8pt;\"><strong><span style=\"font-family: helvetica, arial, sans-serif;\">(El enlace es habilitado en la fechas de postulaci\u00f3n precisadas en el cronograma de los Concursos\u00a0<\/span><\/strong><\/span><span style=\"font-size: 8pt;\"><strong><span style=\"font-family: helvetica, arial, sans-serif;\">CAS)<\/span><\/strong><\/span><\/p>\n<p>&nbsp;<\/p>\n<p><a href=\"https:\/\/www.senasa.gob.pe\/senasa\/cas-amazonas-2024-ii\/\">CAS AMAZONAS<\/a><\/p>\n<p><a href=\"https:\/\/www.senasa.gob.pe\/senasa\/cas-ancash-2024-ii\/\">CAS ANCASH<\/a><\/p>\n<p><a href=\"https:\/\/www.senasa.gob.pe\/senasa\/cas-apurimac-2024-ii\/\">CAS APUR\u00cdMAC<\/a><\/p>\n<p><a href=\"https:\/\/www.senasa.gob.pe\/senasa\/cas-arequipa-2024-ii\/\">CAS AREQUIPA<\/a><\/p>\n<p><a href=\"https:\/\/www.senasa.gob.pe\/senasa\/cas-ayacucho-2024-ii\/\">CAS AYACUCHO<\/a><\/p>\n<p><a href=\"https:\/\/www.senasa.gob.pe\/senasa\/cas-cajamarca-2024-ii\/\">CAS CAJAMARCA<\/a><\/p>\n<p><a href=\"https:\/\/www.senasa.gob.pe\/senasa\/cas-cusco-2024-ii\/\">CAS CUSCO<\/a><\/p>\n<p><a href=\"https:\/\/www.senasa.gob.pe\/senasa\/cas-huancavelica-2024-ii\/\">CAS HUANCAVELICA<\/a><\/p>\n<p><a href=\"https:\/\/www.senasa.gob.pe\/senasa\/cas-huanuco-2024-ii\/\">CAS HU\u00c1NUCO<\/a><\/p>\n<p><a href=\"https:\/\/www.senasa.gob.pe\/senasa\/cas-ica-2024-ii\/\">CAS ICA<\/a><\/p>\n<p><a href=\"https:\/\/www.senasa.gob.pe\/senasa\/cas-junin-2024-ii\/\">CAS JUN\u00cdN<\/a><\/p>\n<p><a href=\"https:\/\/www.senasa.gob.pe\/senasa\/cas-la-libertad-2024-ii\/\">CAS LA LIBERTAD<\/a><\/p>\n<p><a href=\"https:\/\/www.senasa.gob.pe\/senasa\/cas-lambayeque-2024-ii\/\">CAS LAMBAYEQUE<\/a><\/p>\n<p><a href=\"https:\/\/www.senasa.gob.pe\/senasa\/cas-lima-callao-2024-ii\/\">CAS LIMA CALLAO<\/a><\/p>\n<p><a href=\"https:\/\/www.senasa.gob.pe\/senasa\/cas-loreto-cas-2024-ii\/\">CAS LORETO<\/a><\/p>\n<p><a href=\"https:\/\/www.senasa.gob.pe\/senasa\/cas-madre-de-dios-2024-ii\/\">CAS MADRE DE DIOS<\/a><\/p>\n<p><a href=\"https:\/\/www.senasa.gob.pe\/senasa\/cas-moquegua-2024-ii\/\">CAS MOQUEGUA<\/a><\/p>\n<p><a href=\"https:\/\/www.senasa.gob.pe\/senasa\/cas-pasco-2024-ii\/\">CAS PASCO<\/a><\/p>\n<p><a href=\"https:\/\/www.senasa.gob.pe\/senasa\/cas-piura-2024-ii\/\">CAS PIURA<\/a><\/p>\n<p><a href=\"https:\/\/www.senasa.gob.pe\/senasa\/cas-puno-2024-ii\/\">CAS PUNO<\/a><\/p>\n<p><a href=\"https:\/\/www.senasa.gob.pe\/senasa\/cas-san-martin-2024-ii\/\">CAS SAN MART\u00cdN<\/a><\/p>\n<p><a href=\"https:\/\/www.senasa.gob.pe\/senasa\/cas-tacna-2024-ii\/\">CAS TACNA<\/a><\/p>\n<p><a href=\"https:\/\/www.senasa.gob.pe\/senasa\/cas-tumbes-2024-ii\/\">CAS TUMBES<\/a><\/p>\n<p><a href=\"https:\/\/www.senasa.gob.pe\/senasa\/cas-ucayali-2024-ii\/\">CAS UCAYALI<\/a><\/p>\n<p><a href=\"https:\/\/www.senasa.gob.pe\/senasa\/cas-vrae-2024-ii\/\">CAS VRAE<\/a><\/p>\n<p>&nbsp;<\/p>\n<p><a href=\"https:\/\/www.senasa.gob.pe\/senasa\/cas-sede-central-2024-ii\/\">CAS SEDE CENTRAL<\/a><\/p>\n","protected":false},"excerpt":{"rendered":"<p>Procedimiento:\u00a0 PRO-URH-12 Rev. 9 Postula aqu\u00ed: https:\/\/servicios.senasa.gob.pe\/RRHHWeb\/loginPostulante.html\u00a0 \u00a0(El enlace es habilitado en la fechas de postulaci\u00f3n precisadas en el cronograma de los Concursos\u00a0CAS) &nbsp; CAS AMAZONAS CAS ANCASH CAS APUR\u00cdMAC CAS AREQUIPA CAS AYACUCHO CAS CAJAMARCA CAS CUSCO CAS HUANCAVELICA CAS HU\u00c1NUCO CAS ICA CAS JUN\u00cdN CAS LA LIBERTAD CAS LAMBAYEQUE CAS LIMA CALLAO CAS [&hellip;]<\/p>\n","protected":false},"author":48,"featured_media":0,"parent":0,"menu_order":0,"comment_status":"closed","ping_status":"closed","template":"","meta":{"footnotes":""},"class_list":["post-88652","page","type-page","status-publish","hentry"],"_links":{"self":[{"href":"https:\/\/www.senasa.gob.pe\/senasa\/wp-json\/wp\/v2\/pages\/88652","targetHints":{"allow":["GET"]}}],"collection":[{"href":"https:\/\/www.senasa.gob.pe\/senasa\/wp-json\/wp\/v2\/pages"}],"about":[{"href":"https:\/\/www.senasa.gob.pe\/senasa\/wp-json\/wp\/v2\/types\/page"}],"author":[{"embeddable":true,"href":"https:\/\/www.senasa.gob.pe\/senasa\/wp-json\/wp\/v2\/users\/48"}],"replies":[{"embeddable":true,"href":"https:\/\/www.senasa.gob.pe\/senasa\/wp-json\/wp\/v2\/comments?post=88652"}],"version-history":[{"count":30,"href":"https:\/\/www.senasa.gob.pe\/senasa\/wp-json\/wp\/v2\/pages\/88652\/revisions"}],"predecessor-version":[{"id":88655,"href":"https:\/\/www.senasa.gob.pe\/senasa\/wp-json\/wp\/v2\/pages\/88652\/revisions\/88655"}],"wp:attachment":[{"href":"https:\/\/www.senasa.gob.pe\/senasa\/wp-json\/wp\/v2\/media?parent=88652"}],"curies":[{"name":"wp","href":"https:\/\/api.w.org\/{rel}","templated":true}]}}