{"id":90244,"date":"2024-02-24T20:45:08","date_gmt":"2024-02-25T01:45:08","guid":{"rendered":"https:\/\/www.senasa.gob.pe\/senasa\/?page_id=90244"},"modified":"2024-11-22T12:49:18","modified_gmt":"2024-11-22T17:49:18","slug":"cas-2024-culminados","status":"publish","type":"page","link":"https:\/\/www.senasa.gob.pe\/senasa\/cas-2024-culminados\/","title":{"rendered":"CAS 2024-CULMINADOS"},"content":{"rendered":"<p><span style=\"font-family: helvetica, arial, sans-serif;\"><strong><span style=\"font-size: 10pt;\"><a href=\"https:\/\/www.senasa.gob.pe\/senasa\/descargasarchivos\/2024\/02\/COMUNICADO-N\u00b0001-2024-SENASA.pdf\">COMUNICADO N\u00b0001-2024-SENASA<\/a><\/span><\/strong><\/span><\/p>\n<p><span style=\"font-family: helvetica, arial, sans-serif;\"><strong><span style=\"font-size: 10pt;\"><a href=\"https:\/\/www.senasa.gob.pe\/senasa\/descargasarchivos\/2024\/02\/COMUNICADO-N\u00b0008-2024-SENASA.pdf\">COMUNICADO N\u00b0002-2024-SENASA<\/a><\/span><\/strong><\/span><\/p>\n<p><span style=\"font-family: helvetica, arial, sans-serif;\"><strong><span style=\"font-size: 10pt;\"><a href=\"https:\/\/www.senasa.gob.pe\/senasa\/descargasarchivos\/2024\/02\/COMUNICADO-N\u00b0008-2024-SENASA.pdf\">COMUNICADO N\u00b0008-2024-SENASA<\/a><\/span><\/strong><\/span><\/p>\n<p><span style=\"font-family: helvetica, arial, sans-serif;\"><strong><span style=\"font-size: 10pt;\"><a href=\"https:\/\/www.senasa.gob.pe\/senasa\/descargasarchivos\/2024\/02\/COMUNICADO-N\u00b0-015-2024-SENASA-desiertos.pdf\">COMUNICADO N\u00b0015-2024-SENASA<\/a><\/span><\/strong><\/span><\/p>\n<p>&nbsp;<\/p>\n<ul>\n<li><span style=\"font-family: helvetica, arial, sans-serif;\"><strong>PROCESOS CAS\u00a0\u00a0<\/strong><\/span><\/li>\n<\/ul>\n<p><a href=\"https:\/\/www.senasa.gob.pe\/senasa\/cas-amazonas-2024\/\">CAS AMAZONAS<\/a><\/p>\n<p><a href=\"https:\/\/www.senasa.gob.pe\/senasa\/cas-2024-ancash\/\">CAS ANCASH<\/a><\/p>\n<p><a href=\"https:\/\/www.senasa.gob.pe\/senasa\/cas-2024-apurimac\/\">CAS APUR\u00cdMAC<\/a><\/p>\n<p><a href=\"https:\/\/www.senasa.gob.pe\/senasa\/cas-2024-arequipa\/\">CAS AREQUIPA<\/a><\/p>\n<p><a href=\"https:\/\/www.senasa.gob.pe\/senasa\/cas-2024-ayacucho\/\">CAS AYACUCHO<\/a><\/p>\n<p><a href=\"https:\/\/www.senasa.gob.pe\/senasa\/cas-2024-cajamarca\/\">CAS CAJAMARCA<\/a><\/p>\n<p><a href=\"https:\/\/www.senasa.gob.pe\/senasa\/cas-2024-cusco\/\">CAS CUSCO<\/a><\/p>\n<p><a href=\"https:\/\/www.senasa.gob.pe\/senasa\/cas-2024-huancavelica\/\">CAS HUANCAVELICA<\/a><\/p>\n<p><a href=\"https:\/\/www.senasa.gob.pe\/senasa\/cas-2024-huanuco\/\">CAS HU\u00c1NUCO<\/a><\/p>\n<p><a href=\"https:\/\/www.senasa.gob.pe\/senasa\/cas-2024-ica\/\">CAS ICA<\/a><\/p>\n<p><a href=\"https:\/\/www.senasa.gob.pe\/senasa\/cas-2024-junin\/\">CAS JUN\u00cdN<\/a><\/p>\n<p><a href=\"https:\/\/www.senasa.gob.pe\/senasa\/cas-2024-la-libertad\/\">CAS LA LIBERTAD<\/a><\/p>\n<p><a href=\"https:\/\/www.senasa.gob.pe\/senasa\/cas-2024-lambayeque\/\">CAS LAMBAYEQUE<\/a><\/p>\n<p><a href=\"https:\/\/www.senasa.gob.pe\/senasa\/cas-2024-lima-callao\/\">CAS LIMA CALLAO<\/a><\/p>\n<p><a href=\"https:\/\/www.senasa.gob.pe\/senasa\/cas-2024-loreto\/\">CAS LORETO<\/a><\/p>\n<p><a href=\"https:\/\/www.senasa.gob.pe\/senasa\/cas-2024-madre-de-dios\/\">CAS MADRE DE DIOS<\/a><\/p>\n<p><a href=\"https:\/\/www.senasa.gob.pe\/senasa\/cas-2024-moquegua\/\">CAS MOQUEGUA<\/a><\/p>\n<p><a href=\"https:\/\/www.senasa.gob.pe\/senasa\/cas-2024-pasco\/\">CAS PASCO<\/a><\/p>\n<p><a href=\"https:\/\/www.senasa.gob.pe\/senasa\/cas-2024-piura\/\">CAS PIURA<\/a><\/p>\n<p><a href=\"https:\/\/www.senasa.gob.pe\/senasa\/cas-2024-puno\/\">CAS PUNO<\/a><\/p>\n<p><a href=\"https:\/\/www.senasa.gob.pe\/senasa\/cas-2024-san-martin\/\">CAS SAN MART\u00cdN<\/a><\/p>\n<p><a href=\"https:\/\/www.senasa.gob.pe\/senasa\/cas-2024-tacna\/\">CAS TACNA<\/a><\/p>\n<p><a href=\"https:\/\/www.senasa.gob.pe\/senasa\/cas-2024-tumbes\/\">CAS TUMBES<\/a><\/p>\n<p><a href=\"https:\/\/www.senasa.gob.pe\/senasa\/cas-2024-ucayali\/\">CAS UCAYALI<\/a><\/p>\n<p><a href=\"https:\/\/www.senasa.gob.pe\/senasa\/cas-2024-vrae\/\">CAS VRAE<\/a><\/p>\n<p>&nbsp;<\/p>\n<p><a href=\"https:\/\/www.senasa.gob.pe\/senasa\/cas-2024-sede-central\/\">CAS SEDE CENTRAL<\/a><\/p>\n<p>&nbsp;<\/p>\n","protected":false},"excerpt":{"rendered":"<p>COMUNICADO N\u00b0001-2024-SENASA COMUNICADO N\u00b0002-2024-SENASA COMUNICADO N\u00b0008-2024-SENASA COMUNICADO N\u00b0015-2024-SENASA &nbsp; PROCESOS CAS\u00a0\u00a0 CAS AMAZONAS CAS ANCASH CAS APUR\u00cdMAC CAS AREQUIPA CAS AYACUCHO CAS CAJAMARCA CAS CUSCO CAS HUANCAVELICA CAS HU\u00c1NUCO CAS ICA CAS JUN\u00cdN CAS LA LIBERTAD CAS LAMBAYEQUE CAS LIMA CALLAO CAS LORETO CAS MADRE DE DIOS CAS MOQUEGUA CAS PASCO CAS PIURA CAS PUNO [&hellip;]<\/p>\n","protected":false},"author":48,"featured_media":0,"parent":0,"menu_order":0,"comment_status":"closed","ping_status":"closed","template":"","meta":{"footnotes":""},"class_list":["post-90244","page","type-page","status-publish","hentry"],"_links":{"self":[{"href":"https:\/\/www.senasa.gob.pe\/senasa\/wp-json\/wp\/v2\/pages\/90244","targetHints":{"allow":["GET"]}}],"collection":[{"href":"https:\/\/www.senasa.gob.pe\/senasa\/wp-json\/wp\/v2\/pages"}],"about":[{"href":"https:\/\/www.senasa.gob.pe\/senasa\/wp-json\/wp\/v2\/types\/page"}],"author":[{"embeddable":true,"href":"https:\/\/www.senasa.gob.pe\/senasa\/wp-json\/wp\/v2\/users\/48"}],"replies":[{"embeddable":true,"href":"https:\/\/www.senasa.gob.pe\/senasa\/wp-json\/wp\/v2\/comments?post=90244"}],"version-history":[{"count":15,"href":"https:\/\/www.senasa.gob.pe\/senasa\/wp-json\/wp\/v2\/pages\/90244\/revisions"}],"predecessor-version":[{"id":106169,"href":"https:\/\/www.senasa.gob.pe\/senasa\/wp-json\/wp\/v2\/pages\/90244\/revisions\/106169"}],"wp:attachment":[{"href":"https:\/\/www.senasa.gob.pe\/senasa\/wp-json\/wp\/v2\/media?parent=90244"}],"curies":[{"name":"wp","href":"https:\/\/api.w.org\/{rel}","templated":true}]}}